
False
Is 6861809687 a composite number?
False
Is 4573661219 a prime number?
False
Is 1025425559 a prime number?
False
Is 817238761 composite?
True
Is 17555107189 a composite number?
True
Is 1746524821 a prime number?
False
Is 4543408133 a composite number?
True
Is 5231212043 prime?
True
Is 307582777 a prime number?
False
Is 2370747713 prime?
False
Is 81189740705 composite?
True
Is 22493703959 a prime number?
False
Is 866090867 a composite number?
False
Is 13645681285 a prime number?
False
Is 72635604077 prime?
False
Is 576006684859 prime?
True
Is 14449759171 prime?
True
Is 200006360429 a composite number?
False
Is 1169553529 a prime number?
True
Is 2966921959 a prime number?
False
Is 47491809781 composite?
True
Is 56738044411 prime?
False
Is 19735159513 prime?
True
Is 107865823985 prime?
False
Is 72703097 a composite number?
False
Is 6983682311 prime?
False
Is 11785910879 a composite number?
False
Is 110033783 prime?
True
Is 6078866879 a composite number?
False
Is 2852249 prime?
True
Is 3344209177 a composite number?
True
Is 1967096407 composite?
False
Is 869301289 composite?
False
Is 482410309 composite?
True
Is 185550151 a composite number?
False
Is 3434645741 prime?
True
Is 1908568349 a prime number?
True
Is 1385139857 prime?
True
Is 16442033407 a prime number?
False
Is 579186001 composite?
True
Is 6768439739 composite?
False
Is 2181813197 composite?
False
Is 526169977 composite?
True
Is 406074353 a prime number?
False
Is 1638032041 composite?
True
Is 8709068761 a composite number?
False
Is 7096578409 a prime number?
False
Is 28123140823 a prime number?
True
Is 75636896689 a composite number?
True
Is 12309750961 composite?
True
Is 18352944913 prime?
False
Is 47465303 a composite number?
True
Is 16803716539 composite?
False
Is 1279793797 prime?
True
Is 7738328823 composite?
True
Is 51679603 composite?
True
Is 741844979 a composite number?
False
Is 1029741943 composite?
False
Is 604208581 a prime number?
True
Is 4583946643 a composite number?
True
Is 77652369031 a prime number?
False
Is 216592881 a prime number?
False
Is 96422659 a prime number?
True
Is 32246307287 composite?
False
Is 85993281119 prime?
False
Is 138013297 a composite number?
False
Is 120012223 a composite number?
True
Is 4337377031 composite?
True
Is 253345257727 composite?
True
Is 1086722729 a prime number?
True
Is 2994723902 composite?
True
Is 27859467667 a composite number?
True
Is 65310877 a prime number?
True
Is 81683455307 a composite number?
False
Is 654723821 prime?
True
Is 290618117 a composite number?
False
Is 10386532951 a prime number?
False
Is 2280646603 composite?
False
Is 102620153 composite?
True
Is 19929483649 a composite number?
True
Is 441807049 a prime number?
True
Is 13342297031 a prime number?
False
Is 11228519051 prime?
True
Is 3973740077 a prime number?
True
Is 3143080969 a prime number?
False
Is 40624522099 a prime number?
False
Is 313653569 prime?
True
Is 6898958551 composite?
False
Is 8028970207 prime?
True
Is 322081143 prime?
False
Is 2977996391 composite?
False
Is 2279496647 a prime number?
True
Is 2560057789 a prime number?
False
Is 13465715411 a prime number?
True
Is 2943724189 composite?
True
Is 5141670357 composite?
True
Is 1026447629 a prime number?
False
Is 5277175667 a prime number?
True
Is 10091791001 composite?
False
Is 708507259 a composite number?
True
Is 4181883221 a composite number?
True
Is 591189029 a prime number?
True
Is 5896125913 composite?
False
Is 17289957551 a composite number?
False
Is 88942083103 a composite number?
False
Is 2129609 a prime number?
False
Is 6078522719 composite?
True
Is 24440390558 composite?
True
Is 13444696897 a composite number?
True
Is 2110570663 composite?
False
Is 321091795 composite?
True
Is 768755699 a prime number?
False
Is 267708113 prime?
True
Is 81610409 a prime number?
False
Is 16347084197 composite?
False
Is 486797 a prime number?
True
Is 475837163 a composite number?
True
Is 1522659881 composite?
False
Is 164512963 prime?
False
Is 2234809711 a composite number?
False
Is 43709923493 a prime number?
True
Is 191661367 a composite number?
False
Is 12897669241 composite?
False
Is 1969759427 a prime number?
False
Is 1897059889 prime?
True
Is 2240790191 a composite number?
False
Is 39430876867 a composite number?
True
Is 1789294669 prime?
False
Is 775666901 composite?
True
Is 294395581 a prime number?
True
Is 13499206433 prime?
False
Is 508533369 prime?
False
Is 310090133 a prime number?
False
Is 1923548773 composite?
False
Is 30339420847 a composite number?
True
Is 29365958579 a prime number?
False
Is 162370140643 composite?
True
Is 742119857 composite?
True
Is 635418617 composite?
False
Is 3115948891 a composite number?
True
Is 730283153 a composite number?
False
Is 2421641309 prime?
True
Is 280624373 composite?
False
Is 50126546389 a prime number?
False
Is 622259849 prime?
False
Is 38237633155 a prime number?
False
Is 1095863309 a prime number?
True
Is 638624507 composite?
True
Is 4464523589 composite?
False
Is 18394937117 prime?
True
Is 8431520827 a prime number?
True
Is 68060482703 a prime number?
False
Is 71069849 a composite number?
True
Is 55190479 a prime number?
False
Is 8194464867 a composite number?
True
Is 173031427 a prime number?
False
Is 5556474073 a composite number?
False
Is 22908445481 a prime number?
False
Is 62579264017 a composite number?
False
Is 3009539122 a composite number?
True
Is 1718340731 composite?
False
Is 1857069889 prime?
False
Is 492669959 composite?
True
Is 33162291359 a prime number?
True
Is 41687240201 a prime number?
True
Is 2572451887 prime?
True
Is 22782290207 prime?
True
Is 4616354371 prime?
True
Is 23526096455 a composite number?
True
Is 239383155295 composite?
True
Is 3443801023 a composite number?
True
Is 3286945219 prime?
True
Is 5515947673 prime?
True
Is 3185898335 prime?
False
Is 1109946023 a prime number?
True
Is 232529989 prime?
True
Is 596559791 a composite number?
True
Is 13322540345 a composite number?
True
Is 17552020559 prime?
False
Is 4275270967 prime?
False
Is 66441578793 prime?
False
Is 8510162071 prime?
False
Is 4490726303 a composite number?
True
Is 182683363 a prime number?
True
Is 102848607401 composite?
True
Is 17830163929 composite?
False
Is 1099775189 a prime number?
False
Is 3253565011 a prime number?
True
Is 140048939 a prime number?
False
Is 1852967593 prime?
False
Is 190065881 composite?
True
Is 5440881359 a composite number?
False
Is 143500637 a prime number?
False
Is 65254358467 a prime number?
False
Is 664006183 a prime number?
False
Is 18960750209 prime?
False
Is 138980524673 a composite number?
False
Is 90136727 a prime number?
False
Is 126756569 a prime number?
True
Is 7934401403 a composite number?
True
Is 817515467 composite?
False
Is 71281765727 composite?
False
Is 6758080111 a composite number?
False
Is 11348982703 prime?
True
Is 23447158067 composite?
False
Is 8414641981 composite?
False
Is 82258081 prime?
True
Is 1711852381 a composite number?
False
Is 2257865599 a prime number?
False
Is 36679044829 a prime number?
False
Is 3073086431 prime?
True
Is 2869480417 prime?
False
Is 853485539 a prime number?
True
Is 545695831 a prime number?
False
Is 850712033 a prime number?
False
Is 62145392563 a prime number?
True
Is 2061517259 a composite number?
False
Is 4971276847 a composite number?
True
Is 1600598939 a prime number?
True
Is 4017334459 a prime number?
False
Is 1085637031 prime?
True
Is 4354639973 a composite number?
False
Is 1397896529 a prime number?
True
Is 2361520846 composite?
True
Is 3426296529 a composite number?
True
Is 64640482651 a prime number?
True
Is 32144775361 a prime number?
False
Is 2244556969 prime?
True
Is 8957117159 a composite number?
False
Is 164629249 a prime number?
True
Is 8032854359 a prime number?
False
Is 1193056259 a prime number?
False
Is 2023174999 a prime number?
True
Is 800462633 a composite number?
False
Is 25199569607 prime?
True
Is 879478109 a composite number?
False
Is 1015986971 prime?
False
Is 1245252947 prime?
False
Is 52455745558 composite?
True
Is 3378146719 composite?
True
Is 8715523951 a prime number?
True
Is 722545559 a composite number?
False
Is 100284757 a prime number?
True
Is 6731542561 a prime number?
False
Is 2493765221 a composite number?
False
Is 4338356527 compo